 - -14?
1c
In base 16, what is 5 + 12?
17
In base 7, what is -1 + -2606?
-2610
In base 4, what is 13 - 11?
2
In base 6, what is -213411 + 4?
-213403
In base 13, what is -412 + 2?
-410
In base 2, what is -11100010101 - 10?
-11100010111
In base 13, what is -44 - 1?
-45
In base 6, what is -5 - -221?
212
In base 2, what is 11 + 101101?
110000
In base 15, what is 2 - -26?
28
In base 14, what is -5 + 312?
30b
In base 5, what is 4 - -4132?
4141
In base 4, what is -3201 - -3?
-3132
In base 8, what is -3747 - -1?
-3746
In base 5, what is -3 + -3?
-11
In base 14, what is -9 - ab?
-b6
In base 16, what is 3b + -6?
35
In base 11, what is 3897 + -1?
3896
In base 4, what is -331012 + 11?
-331001
In base 9, what is 4100 + -1?
4088
In base 8, what is -617 + 1?
-616
In base 4, what is -311 + 211?
-100
In base 3, what is 21010 + -1?
21002
In base 11, what is -1230 + -4?
-1234
In base 4, what is 2231 - -33?
2330
In base 4, what is 321 + 10113?
11100
In base 6, what is 2555 - 3?
2552
In base 16, what is 26 - -1f?
45
In base 16, what is -eff - 1?
-f00
In base 9, what is -4 - -5?
1
In base 12, what is 11 + 42?
53
In base 11, what is -21 + -14?
-35
In base 9, what is -5 + 1662?
1656
In base 5, what is 102134 + 1?
102140
In base 2, what is 10000 - 10000000?
-1110000
In base 4, what is -113 - -1033?
320
In base 15, what is -14 + -a?
-1e
In base 14, what is -4 - 70?
-74
In base 7, what is -65 - 1?
-66
In base 9, what is -328 - -1?
-327
In base 6, what is -135 - 3?
-142
In base 4, what is -1322110 - 3?
-1322113
In base 9, what is 404 + -20?
374
In base 8, what is -145 + 71?
-54
In base 16, what is 4 - -1dc?
1e0
In base 13, what is -b - -265?
257
In base 2, what is -111000001 + 11?
-110111110
In base 6, what is -43 - -1104?
1021
In base 11, what is -5 + 291a?
2915
In base 7, what is 1355 - 5?
1350
In base 6, what is 0 + 3?
3
In base 14, what is 10 - 331?
-321
In base 2, what is -1011010 - -1?
-1011001
In base 7, what is -50 - -4?
-43
In base 5, what is 1 - 3432?
-3431
In base 2, what is -10 + 110010101101?
110010101011
In base 8, what is -17 - 1021?
-1040
In base 15, what is 4 + -172?
-16d
In base 12, what is 978 + -2?
976
In base 6, what is -13 + 0?
-13
In base 2, what is -1010110000110 + -11?
-1010110001001
In base 15, what is -1 + 97?
96
In base 5, what is 20 + -300?
-230
In base 5, what is -14122 - -12?
-14110
In base 11, what is 8 - 1633?
-1626
In base 3, what is -2 + 1012220?
1012211
In base 12, what is 118 + a?
126
In base 15, what is 4ed + 7?
505
In base 11, what is 18 + -432?
-415
In base 5, what is 3 - 432?
-424
In base 11, what is 4 - 653?
-64a
In base 11, what is -a85 - -2?
-a83
In base 6, what is 1024 + 3?
1031
In base 6, what is -22 - 10242?
-10304
In base 11, what is 19 + 2?
20
In base 4, what is -2031 + 1?
-2030
In base 5, what is 14131 + 10?
14141
In base 13, what is -c44 - 2?
-c46
In base 16, what is -4 + 7c8?
7c4
In base 5, what is -31 + -23?
-104
In base 14, what is 4c6 - 2?
4c4
In base 2, what is -1 - -1101000?
1100111
In base 5, what is -12 - 10?
-22
In base 6, what is -1413 - 0?
-1413
In base 12, what is -31 + 1b?
-12
In base 12, what is -a - 36?
-44
In base 10, what is -96 - 6?
-102
In base 14, what is 4 + 65?
69
In base 8, what is -134065 + 1?
-134064
In base 16, what is 2 + 3e3?
3e5
In base 5, what is -14 - 12441?
-13010
In base 13, what is -4 - -107?
103
In base 12, what is 3 - -285?
288
In base 14, what is 150 - 5?
149
In base 3, what is 1220221 + 12?
1221010
In base 10, what is 5 - 69?
-64
In base 10, what is -5 + 39?
34
In base 3, what is -2122 + 111?
-2011
In base 15, what is -10 - b?
-1b
In base 7, what is 0 + 1411?
1411
In base 15, what is -3 + -b0?
-b3
In base 12, what is -9 + -21?
-2a
In base 6, what is 4 - -4244?
4252
In base 13, what is -617a - 0?
-617a
In base 3, what is 11 - 12200220?
-12200202
In base 2, what is 101001 - 11101?
1100
In base 6, what is 1 - 40?
-35
In base 3, what is -212 - -22022?
21110
In base 5, what is -144 - 32?
-231
In base 15, what is 1 - b?
-a
In base 2, what is 101 - 1000111?
-1000010
In base 15, what is 3 + 170?
173
In base 2, what is -101101010000 + 101?
-101101001011
In base 11, what is 2034 + -4?
2030
In base 15, what is 6 - 1?
5
In base 12, what is -1309 + 2?
-1307
In base 11, what is 1 + 23?
24
In base 10, what is -9 - -28?
19
In base 13, what is -24 + 2b?
7
In base 15, what is 17e + -5?
179
In base 4, what is 21 + 11031?
11112
In base 4, what is 101 - 100?
1
In base 8, what is 7 - -231?
240
In base 15, what is -ba9 + -1?
-baa
In base 15, what is -2a5b - -5?
-2a56
In base 11, what is 931 - 0?
931
In base 8, what is 26 - 2?
24
In base 10, what is 223 + -5?
218
In base 5, what is -4 - -11034?
11030
In base 15, what is 5 - -24d?
253
In base 14, what is 1b - 7?
14
In base 7, what is -6 - 2?
-11
In base 12, what is -4 + 153?
14b
In base 10, what is 111 + -9?
102
In base 2, what is -100 - -11001000001?
11000111101
In base 16, what is 1ff8 - -5?
1ffd
In base 12, what is -12 - b?
-21
In base 16, what is 0 - 542?
-542
In base 15, what is 2 - 25b?
-259
In base 13, what is 47 - -3?
4a
In base 9, what is 253 + -5?
247
In base 16, what is 5 + 2f?
34
In base 5, what is 3 + 3?
11
In base 9, what is 226 - -6?
233
In base 4, what is -32 - 323?
-1021
In base 3, what is -11200 - -2?
-11121
In base 12, what is 4 + 115?
119
In base 14, what is 2 + -79?
-77
In base 8, what is -30 - -4?
-24
In base 7, what is -14 - -204?
160
In base 16, what is 3 + -ae?
-ab
In base 2, what is 10 + -1001100000?
-1001011110
In base 15, what is 6e2 + 3?
6e5
In base 12, what is 8 - -64?
70
In base 9, what is -4 - -541?
536
In base 2, what is 1 - -11011?
11100
In base 5, what is 32 + 1101?
1133
In base 2, what is 1001 - -1001000?
1010001
In base 9, what is -11 - -54?
43
In base 15, what is 31 - -29?
5a
In base 13, what is 16 - 14?
2
In base 14, what is -5 - -1?
-4
In base 10, what is 4 + -81?
-77
In base 15, what is -77 - 3?
-7a
In base 5, what is -23240 - 1?
-23241
In base 8, what is -21 - 15?
-36
In base 11, what is -10a - -8?
-102
In base 12, what is -35 - 4?
-39
In base 10, what is -4 - 43?
-47
In base 12, what is -9 - 4?
-11
In base 12, what is 5 - -162?
167
In base 14, what is dc + 3?
101
In base 7, what is -141 + 2?
-136
In base 8, what is -4210 + -5?
-4215
In base 7, what is -220 - 3?
-223
In base 11, what is -345 + -11?
-356
In base 12, what is -1 - 1ab?
-1b0
In base 5, what is -1434 + 1?
-1433
In base 15, what is -4 - 172?
-176
In base 12, what is 0 + -4b?
-4b
In base 15, what is -52 + -3?
-55
In base 14, what is -7 - 18?
-21
In base 11, what is 202 + 5?
207
In base 4, what is 21 - -32?
113
In base 2, what is -10000110100 - 1?
-10000110101
In base 7, what is -31 - 12?
-43
In base 11, what is -1 - -11?
10
In base 11, what is 6 - -9?
14
In base 8, what is -245 + -11?
-256
In base 3, what is 1 - -2110020?
2110021
In base 11, what is -1 - 78?
-79
In base 11, what is 32 - 10?
22
In base 6, what is -14 + 21?
3
In base 2, what is 1001000 - -1011?
1010011
In base 4, what is -3 - 2011?
-2020
In base 2, what is 11 + -101100?
-101001
In base 6, what is -2224 - 2?
-2230
In base 4, what is 3 - 30?
-21
In base 16, what is 1 + -d8?
-d7
In base 13, what is 0 - -1748?
1748
In base 15, what is -3 + -115?
-118
In base 4, what is -300 - 22?
-322
In base 9, what is 0 + -52?
-52
In base 5, what is -31 - -4?
-22
In base 5, what is -10233 + -34?
-10322
In base 7, what is -6 + -323?
-332
In base 3, what is -22010 + -102?
-22112
In base 10, what is 22 - 3?
19
In base 14, what is 1c - 21?
-3
In base 13, what is -2 + -290?
-292
In base 14, what is -446 + -3?
-449
In base 4, what is 1130 + -20?
1110
In base 14, what is c - -39?
47
In base 11, what is 138a - 2?
1388
In base 2, what is 10000101100 - -101?
10000110001
In base 4, what is 112 - -1?
113
In base 7, what is -2642 - -5?
-2634
In base 7, what is -416 + -1?
-420
In base 8, what is 3 + -12?
-7
In base 3, what is -10000 + 2100?
-200
In base 11, what is 2 + 161?
163
In base 4, what is 203112 + 0?
203112
In base 3, what is -121 + 2212?
2021
In base 8, what is -6 + -147?
-155
In base 6, what is 10 - 1430?
-1420
In base 4, what is 0 - -1332232?
1332232
In base 2, what is 100 - 101110?
-101010
In base 4, what is 100223 - -3?
100232
In base 2, what is -101010111000 + 100?
-101010110100
In base 5, what is 33 + -2?